{"id":349,"date":"2025-04-03T16:03:08","date_gmt":"2025-04-03T19:03:08","guid":{"rendered":"http:\/\/educacaocacador.duckdns.org\/?page_id=349"},"modified":"2025-04-04T10:32:14","modified_gmt":"2025-04-04T13:32:14","slug":"labtec-movel","status":"publish","type":"page","link":"https:\/\/educacaocacador.com.br\/?page_id=349","title":{"rendered":"LABTEC M\u00f3vel"},"content":{"rendered":"\n<p><strong>Laborat\u00f3rio M\u00f3vel de Tecnologia (LABTEC)<\/strong><\/p>\n\n\n\n<p>O <strong>LabTec M\u00f3vel<\/strong> \u00e9 um laborat\u00f3rio itinerante de tecnologia da Secretaria de Educa\u00e7\u00e3o de Ca\u00e7ador, criado para levar inova\u00e7\u00e3o e aprendizagem din\u00e2mica \u00e0s escolas da rede municipal. Equipado com recursos como <strong>\u00f3culos de realidade virtual, tablets, kits de rob\u00f3tica e outras ferramentas interativas<\/strong>, o projeto proporciona experi\u00eancias imersivas que estimulam a criatividade, o pensamento computacional e a cultura digital.<\/p>\n\n\n\n<p>Com uma abordagem pr\u00e1tica e envolvente, o <strong>LabTec M\u00f3vel<\/strong> apoia professores e alunos no uso da tecnologia como aliada no processo de ensino, promovendo a inclus\u00e3o digital e o aprendizado interdisciplinar de forma acess\u00edvel e inspiradora.<\/p>\n\n\n\n<figure class=\"wp-block-image size-full\"><img  title=\"\" loading=\"lazy\" decoding=\"async\" width=\"869\" height=\"866\" src=\"https:\/\/educacaocacador.com.br\/wp-content\/uploads\/2025\/04\/Captura-de-tela-2025-03-31-092016.png\"  alt=\"Captura-de-tela-2025-03-31-092016 LABTEC M\u00f3vel %image\"  class=\"wp-image-361\" srcset=\"https:\/\/educacaocacador.com.br\/wp-content\/uploads\/2025\/04\/Captura-de-tela-2025-03-31-092016.png 869w, https:\/\/educacaocacador.com.br\/wp-content\/uploads\/2025\/04\/Captura-de-tela-2025-03-31-092016-300x300.png 300w, https:\/\/educacaocacador.com.br\/wp-content\/uploads\/2025\/04\/Captura-de-tela-2025-03-31-092016-150x150.png 150w, https:\/\/educacaocacador.com.br\/wp-content\/uploads\/2025\/04\/Captura-de-tela-2025-03-31-092016-768x765.png 768w\" sizes=\"auto, (max-width: 869px) 100vw, 869px\" \/><\/figure>\n\n\n\n<p><\/p>\n","protected":false},"excerpt":{"rendered":"<p>Laborat\u00f3rio M\u00f3vel de Tecnologia (LABTEC) O LabTec M\u00f3vel \u00e9 um laborat\u00f3rio itinerante de tecnologia da Secretaria de Educa\u00e7\u00e3o de Ca\u00e7ador, criado para levar inova\u00e7\u00e3o e aprendizagem din\u00e2mica \u00e0s escolas da rede municipal. Equipado com recursos como \u00f3culos de realidade virtual, tablets, kits de rob\u00f3tica e outras ferramentas interativas, o projeto proporciona experi\u00eancias imersivas que estimulam [&hellip;]<\/p>\n","protected":false},"author":3,"featured_media":0,"parent":0,"menu_order":0,"comment_status":"closed","ping_status":"closed","template":"","meta":{"_acf_changed":false,"footnotes":""},"class_list":["post-349","page","type-page","status-publish","hentry"],"acf":[],"_links":{"self":[{"href":"https:\/\/educacaocacador.com.br\/index.php?rest_route=\/wp\/v2\/pages\/349","targetHints":{"allow":["GET"]}}],"collection":[{"href":"https:\/\/educacaocacador.com.br\/index.php?rest_route=\/wp\/v2\/pages"}],"about":[{"href":"https:\/\/educacaocacador.com.br\/index.php?rest_route=\/wp\/v2\/types\/page"}],"author":[{"embeddable":true,"href":"https:\/\/educacaocacador.com.br\/index.php?rest_route=\/wp\/v2\/users\/3"}],"replies":[{"embeddable":true,"href":"https:\/\/educacaocacador.com.br\/index.php?rest_route=%2Fwp%2Fv2%2Fcomments&post=349"}],"version-history":[{"count":2,"href":"https:\/\/educacaocacador.com.br\/index.php?rest_route=\/wp\/v2\/pages\/349\/revisions"}],"predecessor-version":[{"id":484,"href":"https:\/\/educacaocacador.com.br\/index.php?rest_route=\/wp\/v2\/pages\/349\/revisions\/484"}],"wp:attachment":[{"href":"https:\/\/educacaocacador.com.br\/index.php?rest_route=%2Fwp%2Fv2%2Fmedia&parent=349"}],"curies":[{"name":"wp","href":"https:\/\/api.w.org\/{rel}","templated":true}]}}