{"id":118,"date":"2025-04-03T14:29:38","date_gmt":"2025-04-03T17:29:38","guid":{"rendered":"http:\/\/educacaocacador.duckdns.org\/?page_id=118"},"modified":"2026-02-19T08:34:38","modified_gmt":"2026-02-19T11:34:38","slug":"2o-ano","status":"publish","type":"page","link":"https:\/\/educacaocacador.com.br\/?page_id=118","title":{"rendered":"2\u00ba ano"},"content":{"rendered":"\n<p class=\"has-white-color has-midnight-gradient-background has-text-color has-background has-link-color wp-elements-8d8753c672aa6a1c5ca3cb52322f1f1c\">ARTE <\/p>\n\n\n\n<div data-wp-interactive=\"core\/file\" class=\"wp-block-file\"><object data-wp-bind--hidden=\"!state.hasPdfPreview\" hidden class=\"wp-block-file__embed\" data=\"https:\/\/educacaocacador.com.br\/wp-content\/uploads\/2026\/02\/ARTE-PLANEJAMENTO-ANUAL-FUNDAMENTAL-I-2026.docx-1-1-1.pdf\" type=\"application\/pdf\" style=\"width:100%;height:600px\" aria-label=\"Incorporado de ARTE-  PLANEJAMENTO ANUAL FUNDAMENTAL I - 2026.docx (1) (1).\"><\/object><a id=\"wp-block-file--media-61393cfa-5bdc-4204-92cc-512a7125a464\" href=\"https:\/\/educacaocacador.com.br\/wp-content\/uploads\/2026\/02\/ARTE-PLANEJAMENTO-ANUAL-FUNDAMENTAL-I-2026.docx-1-1-1.pdf\">ARTE-  PLANEJAMENTO ANUAL FUNDAMENTAL I &#8211; 2026.docx (1) (1)<\/a><a href=\"https:\/\/educacaocacador.com.br\/wp-content\/uploads\/2026\/02\/ARTE-PLANEJAMENTO-ANUAL-FUNDAMENTAL-I-2026.docx-1-1-1.pdf\" class=\"wp-block-file__button wp-element-button\" download aria-describedby=\"wp-block-file--media-61393cfa-5bdc-4204-92cc-512a7125a464\">Baixar<\/a><\/div>\n\n\n\n<p class=\"has-white-color has-midnight-gradient-background has-text-color has-background has-link-color wp-elements-784082237282f5a4a999881b1cece0bb\">CI\u00caNCIAS <\/p>\n\n\n\n<div data-wp-interactive=\"core\/file\" class=\"wp-block-file\"><object data-wp-bind--hidden=\"!state.hasPdfPreview\" hidden class=\"wp-block-file__embed\" data=\"https:\/\/educacaocacador.com.br\/wp-content\/uploads\/2026\/02\/2o-Ano-Planejamento-Ciencias-.pdf\" type=\"application\/pdf\" style=\"width:100%;height:600px\" aria-label=\"Incorporado de 2\u00ba Ano - Planejamento - Ci\u00eancias.\"><\/object><a id=\"wp-block-file--media-c407f0b8-ecf1-4732-8ef2-e00cec072fc4\" href=\"https:\/\/educacaocacador.com.br\/wp-content\/uploads\/2026\/02\/2o-Ano-Planejamento-Ciencias-.pdf\">2\u00ba Ano &#8211; Planejamento &#8211; Ci\u00eancias<\/a><a href=\"https:\/\/educacaocacador.com.br\/wp-content\/uploads\/2026\/02\/2o-Ano-Planejamento-Ciencias-.pdf\" class=\"wp-block-file__button wp-element-button\" download aria-describedby=\"wp-block-file--media-c407f0b8-ecf1-4732-8ef2-e00cec072fc4\">Baixar<\/a><\/div>\n\n\n\n<p class=\"has-white-color has-midnight-gradient-background has-text-color has-background has-link-color wp-elements-8a6da2fdc4dc17f7bf9591f788e5ec92\">EDUCA\u00c7\u00c3O F\u00cdSICA<\/p>\n\n\n\n<div data-wp-interactive=\"core\/file\" class=\"wp-block-file\"><object data-wp-bind--hidden=\"!state.hasPdfPreview\" hidden class=\"wp-block-file__embed\" data=\"https:\/\/educacaocacador.com.br\/wp-content\/uploads\/2026\/02\/PLANEJAMENTO-EDUCACAO-FISICA-2o-ANO-1o-TRIMESTRE.pdf\" type=\"application\/pdf\" style=\"width:100%;height:600px\" aria-label=\"Incorporado de PLANEJAMENTO - EDUCA\u00c7\u00c3O F\u00cdSICA - 2\u00ba ANO - 1\u00ba TRIMESTRE.\"><\/object><a id=\"wp-block-file--media-65a91ec8-2cbd-4918-92d6-f24d84e58c30\" href=\"https:\/\/educacaocacador.com.br\/wp-content\/uploads\/2026\/02\/PLANEJAMENTO-EDUCACAO-FISICA-2o-ANO-1o-TRIMESTRE.pdf\">PLANEJAMENTO &#8211; EDUCA\u00c7\u00c3O F\u00cdSICA &#8211; 2\u00ba ANO &#8211; 1\u00ba TRIMESTRE<\/a><a href=\"https:\/\/educacaocacador.com.br\/wp-content\/uploads\/2026\/02\/PLANEJAMENTO-EDUCACAO-FISICA-2o-ANO-1o-TRIMESTRE.pdf\" class=\"wp-block-file__button wp-element-button\" download aria-describedby=\"wp-block-file--media-65a91ec8-2cbd-4918-92d6-f24d84e58c30\">Baixar<\/a><\/div>\n\n\n\n<p class=\"has-white-color has-midnight-gradient-background has-text-color has-background has-link-color wp-elements-41a6793d7889d41f9c2c593b70aae8c4\">ENSINO RELIGIOSO<\/p>\n\n\n\n<div data-wp-interactive=\"core\/file\" class=\"wp-block-file\"><object data-wp-bind--hidden=\"!state.hasPdfPreview\" hidden class=\"wp-block-file__embed\" data=\"https:\/\/educacaocacador.com.br\/wp-content\/uploads\/2026\/02\/2o-Ano-Planejamento-Ensino-Religioso-1.pdf\" type=\"application\/pdf\" style=\"width:100%;height:600px\" aria-label=\"Incorporado de 2\u00ba Ano - Planejamento - Ensino Religioso  (1).\"><\/object><a id=\"wp-block-file--media-1750bea3-2cb2-4995-aa7f-70c2e2c82463\" href=\"https:\/\/educacaocacador.com.br\/wp-content\/uploads\/2026\/02\/2o-Ano-Planejamento-Ensino-Religioso-1.pdf\">2\u00ba Ano &#8211; Planejamento &#8211; Ensino Religioso  (1)<\/a><a href=\"https:\/\/educacaocacador.com.br\/wp-content\/uploads\/2026\/02\/2o-Ano-Planejamento-Ensino-Religioso-1.pdf\" class=\"wp-block-file__button wp-element-button\" download aria-describedby=\"wp-block-file--media-1750bea3-2cb2-4995-aa7f-70c2e2c82463\">Baixar<\/a><\/div>\n\n\n\n<p class=\"has-white-color has-midnight-gradient-background has-text-color has-background has-link-color wp-elements-8136976aee2e8d9b8ee9aad20dbc213b\">FILOSOFIA <\/p>\n\n\n\n<div data-wp-interactive=\"core\/file\" class=\"wp-block-file\"><object data-wp-bind--hidden=\"!state.hasPdfPreview\" hidden class=\"wp-block-file__embed\" data=\"https:\/\/educacaocacador.com.br\/wp-content\/uploads\/2026\/02\/2o-Ano-2026.pdf\" type=\"application\/pdf\" style=\"width:100%;height:600px\" aria-label=\"Incorporado de 2\u00ba Ano 2026.\"><\/object><a id=\"wp-block-file--media-d85cb8fc-b78e-45f8-89b1-96bb5eb8986c\" href=\"https:\/\/educacaocacador.com.br\/wp-content\/uploads\/2026\/02\/2o-Ano-2026.pdf\">2\u00ba Ano 2026<\/a><a href=\"https:\/\/educacaocacador.com.br\/wp-content\/uploads\/2026\/02\/2o-Ano-2026.pdf\" class=\"wp-block-file__button wp-element-button\" download aria-describedby=\"wp-block-file--media-d85cb8fc-b78e-45f8-89b1-96bb5eb8986c\">Baixar<\/a><\/div>\n\n\n\n<p class=\"has-white-color has-midnight-gradient-background has-text-color has-background has-link-color wp-elements-82fe6ebd7002498767fbfcc37cb3c60e\">GEOGRAFIA<\/p>\n\n\n\n<div data-wp-interactive=\"core\/file\" class=\"wp-block-file\"><object data-wp-bind--hidden=\"!state.hasPdfPreview\" hidden class=\"wp-block-file__embed\" data=\"https:\/\/educacaocacador.com.br\/wp-content\/uploads\/2026\/02\/2o-Ano-Planejamento-Geografia-1.pdf\" type=\"application\/pdf\" style=\"width:100%;height:600px\" aria-label=\"Incorporado de 2\u00ba Ano - Planejamento - Geografia  (1).\"><\/object><a id=\"wp-block-file--media-65afcdc8-abfd-4791-971c-cae6947bba26\" href=\"https:\/\/educacaocacador.com.br\/wp-content\/uploads\/2026\/02\/2o-Ano-Planejamento-Geografia-1.pdf\">2\u00ba Ano &#8211; Planejamento &#8211; Geografia  (1)<\/a><a href=\"https:\/\/educacaocacador.com.br\/wp-content\/uploads\/2026\/02\/2o-Ano-Planejamento-Geografia-1.pdf\" class=\"wp-block-file__button wp-element-button\" download aria-describedby=\"wp-block-file--media-65afcdc8-abfd-4791-971c-cae6947bba26\">Baixar<\/a><\/div>\n\n\n\n<p class=\"has-white-color has-midnight-gradient-background has-text-color has-background has-link-color wp-elements-a05b74922f5f054aeea3a39c616d74ec\">HIST\u00d3RIA <\/p>\n\n\n\n<div data-wp-interactive=\"core\/file\" class=\"wp-block-file\"><object data-wp-bind--hidden=\"!state.hasPdfPreview\" hidden class=\"wp-block-file__embed\" data=\"https:\/\/educacaocacador.com.br\/wp-content\/uploads\/2026\/02\/2o-Ano-Planejamento-Historia-.pdf\" type=\"application\/pdf\" style=\"width:100%;height:600px\" aria-label=\"Incorporado de 2\u00ba Ano - Planejamento - Hist\u00f3ria.\"><\/object><a id=\"wp-block-file--media-9cdbbbcd-c307-4984-9ea2-8cbe1af1fdfa\" href=\"https:\/\/educacaocacador.com.br\/wp-content\/uploads\/2026\/02\/2o-Ano-Planejamento-Historia-.pdf\">2\u00ba Ano &#8211; Planejamento &#8211; Hist\u00f3ria<\/a><a href=\"https:\/\/educacaocacador.com.br\/wp-content\/uploads\/2026\/02\/2o-Ano-Planejamento-Historia-.pdf\" class=\"wp-block-file__button wp-element-button\" download aria-describedby=\"wp-block-file--media-9cdbbbcd-c307-4984-9ea2-8cbe1af1fdfa\">Baixar<\/a><\/div>\n\n\n\n<p class=\"has-white-color has-midnight-gradient-background has-text-color has-background has-link-color wp-elements-de4445ab4d8aa3f21b6f249d2757450d\">L\u00cdNGUA INGLESA<\/p>\n\n\n\n<div data-wp-interactive=\"core\/file\" class=\"wp-block-file\"><object data-wp-bind--hidden=\"!state.hasPdfPreview\" hidden class=\"wp-block-file__embed\" data=\"https:\/\/educacaocacador.com.br\/wp-content\/uploads\/2026\/02\/LINGUA-INGLESA-PLANEJAMENTO-ANUAL-2026-1-ao-5-ano.docx-3.pdf\" type=\"application\/pdf\" style=\"width:100%;height:600px\" aria-label=\"Incorporado de _L\u00cdNGUA INGLESA - PLANEJAMENTO ANUAL - 2026 - 1 ao 5 ano.docx.\"><\/object><a id=\"wp-block-file--media-89c69bbf-d243-4d18-9990-14f570e0b13d\" href=\"https:\/\/educacaocacador.com.br\/wp-content\/uploads\/2026\/02\/LINGUA-INGLESA-PLANEJAMENTO-ANUAL-2026-1-ao-5-ano.docx-3.pdf\">_L\u00cdNGUA INGLESA &#8211; PLANEJAMENTO ANUAL &#8211; 2026 &#8211; 1 ao 5 ano.docx<\/a><a href=\"https:\/\/educacaocacador.com.br\/wp-content\/uploads\/2026\/02\/LINGUA-INGLESA-PLANEJAMENTO-ANUAL-2026-1-ao-5-ano.docx-3.pdf\" class=\"wp-block-file__button wp-element-button\" download aria-describedby=\"wp-block-file--media-89c69bbf-d243-4d18-9990-14f570e0b13d\">Baixar<\/a><\/div>\n\n\n\n<p class=\"has-white-color has-midnight-gradient-background has-text-color has-background has-link-color wp-elements-5d21da44d0023f23c7db7c38b6254611\">L\u00cdNGUA PORTUGUESA <\/p>\n\n\n\n<div data-wp-interactive=\"core\/file\" class=\"wp-block-file\"><object data-wp-bind--hidden=\"!state.hasPdfPreview\" hidden class=\"wp-block-file__embed\" data=\"https:\/\/educacaocacador.com.br\/wp-content\/uploads\/2026\/02\/2o-Ano-Planejamento-Lingua-Portuguesa-.pdf\" type=\"application\/pdf\" style=\"width:100%;height:600px\" aria-label=\"Incorporado de 2\u00ba Ano - Planejamento - L\u00edngua Portuguesa.\"><\/object><a id=\"wp-block-file--media-d7dd8435-26e5-466a-beb0-60913f70e636\" href=\"https:\/\/educacaocacador.com.br\/wp-content\/uploads\/2026\/02\/2o-Ano-Planejamento-Lingua-Portuguesa-.pdf\">2\u00ba Ano &#8211; Planejamento &#8211; L\u00edngua Portuguesa<\/a><a href=\"https:\/\/educacaocacador.com.br\/wp-content\/uploads\/2026\/02\/2o-Ano-Planejamento-Lingua-Portuguesa-.pdf\" class=\"wp-block-file__button wp-element-button\" download aria-describedby=\"wp-block-file--media-d7dd8435-26e5-466a-beb0-60913f70e636\">Baixar<\/a><\/div>\n\n\n\n<p class=\"has-white-color has-midnight-gradient-background has-text-color has-background has-link-color wp-elements-1b7dd1768815ddba7798c8a9f233e229\">MATEM\u00c1TICA <\/p>\n\n\n\n<div data-wp-interactive=\"core\/file\" class=\"wp-block-file\"><object data-wp-bind--hidden=\"!state.hasPdfPreview\" hidden class=\"wp-block-file__embed\" data=\"https:\/\/educacaocacador.com.br\/wp-content\/uploads\/2026\/02\/2o-Ano-Planejamento-Matematica.pdf\" type=\"application\/pdf\" style=\"width:100%;height:600px\" aria-label=\"Incorporado de 2\u00ba Ano - Planejamento - Matem\u00e1tica.\"><\/object><a id=\"wp-block-file--media-854978c7-88d2-4a10-9282-c4a4cc74d7ea\" href=\"https:\/\/educacaocacador.com.br\/wp-content\/uploads\/2026\/02\/2o-Ano-Planejamento-Matematica.pdf\">2\u00ba Ano &#8211; Planejamento &#8211; Matem\u00e1tica<\/a><a href=\"https:\/\/educacaocacador.com.br\/wp-content\/uploads\/2026\/02\/2o-Ano-Planejamento-Matematica.pdf\" class=\"wp-block-file__button wp-element-button\" download aria-describedby=\"wp-block-file--media-854978c7-88d2-4a10-9282-c4a4cc74d7ea\">Baixar<\/a><\/div>\n","protected":false},"excerpt":{"rendered":"<p>ARTE CI\u00caNCIAS EDUCA\u00c7\u00c3O F\u00cdSICA ENSINO RELIGIOSO FILOSOFIA GEOGRAFIA HIST\u00d3RIA L\u00cdNGUA INGLESA L\u00cdNGUA PORTUGUESA MATEM\u00c1TICA<\/p>\n","protected":false},"author":1,"featured_media":0,"parent":0,"menu_order":0,"comment_status":"closed","ping_status":"closed","template":"","meta":{"_acf_changed":false,"footnotes":""},"class_list":["post-118","page","type-page","status-publish","hentry"],"acf":[],"_links":{"self":[{"href":"https:\/\/educacaocacador.com.br\/index.php?rest_route=\/wp\/v2\/pages\/118","targetHints":{"allow":["GET"]}}],"collection":[{"href":"https:\/\/educacaocacador.com.br\/index.php?rest_route=\/wp\/v2\/pages"}],"about":[{"href":"https:\/\/educacaocacador.com.br\/index.php?rest_route=\/wp\/v2\/types\/page"}],"author":[{"embeddable":true,"href":"https:\/\/educacaocacador.com.br\/index.php?rest_route=\/wp\/v2\/users\/1"}],"replies":[{"embeddable":true,"href":"https:\/\/educacaocacador.com.br\/index.php?rest_route=%2Fwp%2Fv2%2Fcomments&post=118"}],"version-history":[{"count":40,"href":"https:\/\/educacaocacador.com.br\/index.php?rest_route=\/wp\/v2\/pages\/118\/revisions"}],"predecessor-version":[{"id":3237,"href":"https:\/\/educacaocacador.com.br\/index.php?rest_route=\/wp\/v2\/pages\/118\/revisions\/3237"}],"wp:attachment":[{"href":"https:\/\/educacaocacador.com.br\/index.php?rest_route=%2Fwp%2Fv2%2Fmedia&parent=118"}],"curies":[{"name":"wp","href":"https:\/\/api.w.org\/{rel}","templated":true}]}}